{"id":3,"date":"2024-12-03T12:03:02","date_gmt":"2024-12-03T12:03:02","guid":{"rendered":"https:\/\/elecciones.unican.es\/candidaturas\/conchilopez\/?page_id=3"},"modified":"2024-12-05T13:08:03","modified_gmt":"2024-12-05T13:08:03","slug":"privacy-policy","status":"publish","type":"page","link":"https:\/\/elecciones.unican.es\/candidaturas\/conchilopez\/privacy-policy\/","title":{"rendered":"Pol\u00edtica de privacidad"},"content":{"rendered":"\n<p>Bienvenido a la Pol\u00edtica de Privacidad de <strong>www.conchilopez.es<\/strong>. Aqu\u00ed encontrar\u00e1 cuestiones relativas a su privacidad y a la protecci\u00f3n de sus datos personales. Esta pol\u00edtica toma como base el&nbsp;<a href=\"https:\/\/www.boe.es\/doue\/2016\/119\/L00001-00088.pdf\">Reglamento General de Protecci\u00f3n de Datos (RGPD), o Reglamento (UE) 679\/2016<\/a>.<\/p>\n\n\n\n<h2 class=\"wp-block-heading\">Menores de edad<\/h2>\n\n\n\n<p>Si fuera menor de edad, debe saber que por debajo de los 13 a\u00f1os se requiere el consentimiento de los padres o tutores para que tenga lugar tratamiento de sus datos personales. Si tiene menos de 13 a\u00f1os, por favor, no nos entregue ninguna informaci\u00f3n personal en&nbsp;<strong>www.conchilopez.es<\/strong>, ni se registre en nuestra web.<\/p>\n\n\n\n<p>Adem\u00e1s, ciertos datos de menores est\u00e1n especialmente protegidos por el Reglamento, en particular los que se basan en tratamientos de elaboraci\u00f3n de perfiles. En ning\u00fan caso se solicitar\u00e1 a los menores de 18 a\u00f1os informaci\u00f3n sobre la actividad personal, econ\u00f3mica o intimidad de la familia del menor.<\/p>\n\n\n\n<h2 class=\"wp-block-heading\">Tratamiento de datos personales en conchilopez.es<\/h2>\n\n\n\n<p>De acuerdo con lo establecido en la normativa actual, los datos que recabemos en&nbsp;<strong>www.conchilopez.es<\/strong>&nbsp;ser\u00e1n:<\/p>\n\n\n\n<ul class=\"wp-block-list\">\n<li>Adecuados<\/li>\n\n\n\n<li>Pertinentes<\/li>\n\n\n\n<li>Limitados a lo necesario<\/li>\n<\/ul>\n\n\n\n<p>Con la \u00fanica finalidad de responder a los formularios de contacto de este blog.<\/p>\n\n\n\n<p>El usuario que comunique su informaci\u00f3n personal a&nbsp;<strong><strong><strong><strong><strong><strong>www.conchilopez.es<\/strong><\/strong><\/strong><\/strong><\/strong><\/strong>&nbsp;deber\u00e1 saber tambi\u00e9n que dicha informaci\u00f3n ser\u00e1 cedida solamente a la empresa que provee de hosting a&nbsp;<strong><strong><strong><strong><strong><strong>www.conchilopez.es<\/strong><\/strong><\/strong><\/strong><\/strong><\/strong>,&nbsp;al dise\u00f1ador web, a WordPress.Org como soporte web y a Google Analytics.<\/p>\n\n\n\n<p>En el caso de que sea necesario ceder sus datos personales a terceros para ofrecer un nuevo servicio,&nbsp;<strong><strong><strong><strong><strong>conchilopez.es<\/strong><\/strong><\/strong><\/strong><\/strong>&nbsp;se asegurar\u00e1 de contar con su consentimiento como interesado, y de que los terceros cumplan con el Reglamento General de Protecci\u00f3n de Datos. Adem\u00e1s, se realizar\u00eda la actualizaci\u00f3n pertinente de esta Pol\u00edtica de Privacidad.<\/p>\n\n\n\n<p>Debe saber tambi\u00e9n que podr\u00e1 ejercer en cualquier momento sus derechos reconocidos en el Reglamento: acceso, rectificaci\u00f3n, supresi\u00f3n, olvido, oposici\u00f3n, limitaci\u00f3n del tratamiento, portabilidad de los datos y a no ser objeto de decisiones individuales automatizadas, incluyendo la elaboraci\u00f3n de perfiles. Para ello, podr\u00e1 acudir a la direcci\u00f3n&nbsp;<a href=\"mailto:info@upo2030.local\">info@co<\/a><a href=\"mailto:info@conchilopez.es\">nchilopez.es<\/a><\/p>\n\n\n\n<h2 class=\"wp-block-heading\">Base legal que respalda el tratamiento<\/h2>\n\n\n\n<p>El tratamiento de datos personales se realiza en&nbsp;<strong><strong><strong><strong><strong><strong>www.conchilopez.es<\/strong><\/strong><\/strong><\/strong><\/strong><\/strong>&nbsp;de acuerdo con:<\/p>\n\n\n\n<ul class=\"wp-block-list\">\n<li><a href=\"https:\/\/www.boe.es\/diario_boe\/txt.php?id=DOUE-L-2016-80807\" target=\"_blank\" rel=\"noreferrer noopener\">Reglamento (UE) 679\/2016 o Reglamento General de Protecci\u00f3n de Datos (RGPD)<\/a><\/li>\n\n\n\n<li><a href=\"https:\/\/www.boe.es\/buscar\/act.php?id=BOE-A-2002-13758\" target=\"_blank\" rel=\"noreferrer noopener\">Ley 34\/2002, de 11 de julio, de servicios de la sociedad de la informaci\u00f3n y de comercio electr\u00f3nico<\/a>.<\/li>\n<\/ul>\n\n\n\n<p>Adem\u00e1s, el tratamiento de datos personales en&nbsp;<strong><strong><strong><strong><strong><strong><strong>www.conchilopez.es<\/strong><\/strong><\/strong><\/strong><\/strong><\/strong><\/strong>&nbsp;se justifica dado que el interesado ha dado su consentimiento a trav\u00e9s de una clara acci\u00f3n afirmativa a&nbsp;<strong><strong><strong><strong><strong><strong><strong>www.conchilopez.es<\/strong><\/strong><\/strong><\/strong><\/strong><\/strong><\/strong>&nbsp;o de forma impl\u00edcita al navegar por este blog.<\/p>\n\n\n\n<h2 class=\"wp-block-heading\">Responsable del tratamiento de datos personales<\/h2>\n\n\n\n<p>La informaci\u00f3n de contacto que encontrar\u00e1 a continuaci\u00f3n responde al Responsable del Tratamiento de sus datos personales, es decir, a la entidad detr\u00e1s de<strong><strong>&nbsp;<strong><strong><strong><strong><strong><strong><strong><strong>www.conchilopez.es<\/strong><\/strong><\/strong><\/strong><\/strong><\/strong><\/strong><\/strong><\/strong>.<\/strong><\/p>\n\n\n\n<ul class=\"wp-block-list\">\n<li><strong>Persona responsable:<\/strong> Mar\u00eda Concepci\u00f3n L\u00f3pez Fern\u00e1ndez<\/li>\n\n\n\n<li><strong>CIF:<\/strong> 13758796N<\/li>\n\n\n\n<li><strong>Apdo. Correos:<\/strong> Av. de los Castros, 39005 Santander, Cantabria<\/li>\n\n\n\n<li><strong>Correo electr\u00f3nico: <\/strong><a href=\"mailto:concepcion.lopez.universidad@gmail.com\">concepcion.lopez.universidad@gmail.com<\/a><\/li>\n\n\n\n<li><strong>Actividad: <\/strong>Ense\u00f1anza de educaci\u00f3n superior<\/li>\n<\/ul>\n\n\n\n<h2 class=\"wp-block-heading\">Derechos reconocidos<\/h2>\n\n\n\n<p>Cualquier persona tiene derecho a ser adecuadamente informada en materia de protecci\u00f3n de datos, y a obtener confirmaci\u00f3n sobre si en&nbsp;<strong><strong><strong><strong><strong><strong><strong><strong>www.conchilopez.es<\/strong><\/strong><\/strong><\/strong><\/strong><\/strong><\/strong><\/strong>&nbsp;se tratan sus datos personales o no.<\/p>\n\n\n\n<p>Las personas interesadas podr\u00e1n ejercer su derecho de acceso a la informaci\u00f3n en poder de<strong>&nbsp;<strong><strong><strong><strong><strong><strong><strong><strong>www.conchilopez.es<\/strong><\/strong><\/strong><\/strong><\/strong><\/strong><\/strong><\/strong>,<\/strong>&nbsp;incluyendo la obtenci\u00f3n de una copia de los datos, as\u00ed como su derecho a rectificar dichos datos o a suprimirlos cuando no sean necesarios para los fines que fueron recogidos, entre otros motivos.<\/p>\n\n\n\n<p>Asimismo, en determinadas circunstancias podr\u00e1n solicitar la limitaci\u00f3n del tratamiento de sus datos personales, lo que implicar\u00e1 su conservaci\u00f3n en exclusiva para el ejercicio o defensa de reclamaciones. Igualmente, en determinadas circunstancias y por motivos relacionados con su situaci\u00f3n particular, los interesados podr\u00e1n oponerse al tratamiento de sus datos personales. En<strong>&nbsp;<strong><strong><strong><strong><strong><strong><strong><strong>www.conchilopez.es<\/strong><\/strong><\/strong><\/strong><\/strong><\/strong><\/strong><\/strong><\/strong>&nbsp;se dejar\u00e1 de tratar esos datos salvo por motivos leg\u00edtimos imperiosos o el ejercicio o defensa de reclamaciones.<\/p>\n\n\n\n<p>Igualmente, el interesado podr\u00e1 ejercer el derecho a la portabilidad de sus datos personales automatizados en poder de<strong>&nbsp;<strong><strong><strong><strong><strong><strong><strong><strong><strong>www.conchilopez.es<\/strong><\/strong><\/strong><\/strong><\/strong><\/strong><\/strong><\/strong><\/strong>,<\/strong>&nbsp;que ser\u00e1n trasladados en un formato accesible a otro Responsable de Tratamiento de la elecci\u00f3n del interesado.<\/p>\n\n\n\n<h2 class=\"wp-block-heading\">Posibilidad de reclamaci\u00f3n<\/h2>\n\n\n\n<p>Si as\u00ed lo deseara y considerara sus derechos vulnerados, el interesado tendr\u00e1 siempre derecho a presentar una reclamaci\u00f3n ante la Agencia Espa\u00f1ola de Protecci\u00f3n de Datos, que es la autoridad de control en la materia.<\/p>\n\n\n\n<h2 class=\"wp-block-heading\">Finalidades del tratamiento y datos que se tratan<\/h2>\n\n\n\n<p>Para que tenga constancia de qu\u00e9 tipo de datos se gestionan en<strong>&nbsp;<strong><strong><strong><strong><strong><strong><strong><strong><strong><strong><strong><strong>www.conchilopez.es<\/strong><\/strong><\/strong><\/strong><\/strong><\/strong><\/strong><\/strong><\/strong><\/strong><\/strong><\/strong><\/strong>&nbsp;y por qu\u00e9, a continuaci\u00f3n encontrar\u00e1 un resumen de la informaci\u00f3n personal que se maneja en el normal desarrollo de la actividad de&nbsp;<strong><strong><strong><strong><strong><strong><strong><strong><strong><strong><strong>www.conchilopez.es<\/strong><\/strong><\/strong><\/strong><\/strong><\/strong><\/strong><\/strong><\/strong><\/strong><\/strong>:<\/p>\n\n\n\n<ul class=\"wp-block-list\">\n<li>Para la gesti\u00f3n de formularios de contacto y suscripci\u00f3n a la p\u00e1gina web, se tratar\u00e1n los datos de los usuarios de la web tales como el nombre, el email y la direcci\u00f3n IP.<\/li>\n\n\n\n<li>Igualmente, los datos para mejorar los servicios digitales incluyendo sistemas de cifrado y cookies se tratar\u00e1n los mismos datos identificativos: nombre, direcci\u00f3n email y direcci\u00f3n IP.<\/li>\n<\/ul>\n\n\n\n<h2 class=\"wp-block-heading\">Cesiones de los datos<\/h2>\n\n\n\n<p>La gesti\u00f3n de la p\u00e1gina web de&nbsp;<strong><strong><strong><strong><strong><strong><strong><strong><strong><strong><strong><strong><strong><strong>www.conchilopez.es<\/strong><\/strong><\/strong><\/strong><\/strong><\/strong><\/strong><\/strong><\/strong><\/strong><\/strong><\/strong><\/strong><\/strong>&nbsp;se tramitar\u00e1 parcialmente de forma interna y en parte a trav\u00e9s de un servicio contratado. Por ello, los datos personales de los usuarios de la web ser\u00e1n cedidos a las siguientes entidades:<\/p>\n\n\n\n<ul class=\"wp-block-list\">\n<li><strong>Hosting<\/strong>: 10DENCEHISPAHARD, S.L. (B62844725),&nbsp;<a href=\"mailto:soporte@ovh.es\">info@cdmon.com<\/a>&nbsp;\u2013 Su pol\u00edtica de protecci\u00f3n de datos personales se puede consultar&nbsp;<a href=\"https:\/\/www.cdmon.com\/pdfs\/legal\/es\/politica-de-privacidad.pdf\">aqu\u00ed<\/a>.<\/li>\n\n\n\n<li><strong>Plataforma web:<\/strong> org \u2013 la cesi\u00f3n de datos responde \u00fanicamente a los servicios de soporte que proporciona WordPress.org<\/li>\n\n\n\n<li><strong>Dise\u00f1o y programaci\u00f3n web:<\/strong>&nbsp;Terra Nullius, S.L. (B70854880), <a href=\"mailto:info@terranullius.es\">info@terranullius.es<\/a><\/li>\n\n\n\n<li><strong>An\u00e1lisis y cookies<\/strong>: Google Analytics \u2013 Se puede consultar el apartado de pol\u00edtica de privacidad&nbsp;<a href=\"https:\/\/www.google.es\/intl\/es_ALL\/analytics\/learn\/privacy.html\">aqu\u00ed<\/a>.<\/li>\n<\/ul>\n\n\n\n<p>Si la relaci\u00f3n contractual terminara y fuera necesario designar a otra empresa para que preste este servicio, se contar\u00e1 con el consentimiento expl\u00edcito de los usuarios y la empresa&nbsp;<strong><strong><strong><strong><strong><strong><strong><strong><strong><strong><strong><strong><strong><strong><strong>www.conchilopez.es<\/strong><\/strong><\/strong><\/strong><\/strong><\/strong><\/strong><\/strong><\/strong><\/strong><\/strong><\/strong><\/strong><\/strong><\/strong>&nbsp;se asegurar\u00e1 de que en dicha entidad se cumpla con el Reglamento General de Protecci\u00f3n de Datos.<\/p>\n\n\n\n<h2 class=\"wp-block-heading\">Confidencialidad<\/h2>\n\n\n\n<p>En&nbsp;<strong><strong><strong><strong><strong><strong><strong><strong><strong><strong><strong><strong><strong><strong><strong><strong><strong><strong><strong>www.conchilopez.es<\/strong><\/strong><\/strong><\/strong><\/strong><\/strong><\/strong><\/strong><\/strong><\/strong><\/strong><\/strong><\/strong><\/strong><\/strong><\/strong><\/strong><\/strong>&nbsp;<\/strong>garantizamos que se mantendr\u00e1 la m\u00e1s estricta confidencialidad de sus datos personales, y que no ser\u00e1n cedidos a ninguna entidad salvo las imprescindiblemente necesarias para el desarrollo de la actividad de este blog.<\/p>\n\n\n\n<p>Si tiene alguna duda, por favor no dude en contactarnos en la siguiente direcci\u00f3n de correo electr\u00f3nico:&nbsp;<a href=\"mailto:info@upo2030.local\"><\/a><a href=\"mailto:info@conchilopez.es\">info@conchilopez.es<\/a><\/p>\n\n\n\n<p>Mar\u00eda Concepci\u00f3n L\u00f3pez Fern\u00e1ndez &#8211; Representante legal<\/p>\n\n\n\n<p><strong><strong><strong><strong><strong><strong><strong><strong><strong><strong><strong><strong><strong><strong><strong><strong><strong><strong>www.conchilopez.es<\/strong><\/strong><\/strong><\/strong><\/strong><\/strong><\/strong><\/strong><\/strong><\/strong><\/strong><\/strong><\/strong><\/strong><\/strong><\/strong><\/strong><\/strong><\/p>\n\n\n\n<p><em>Documento actualizado a 05&nbsp;de diciembre de 2024<\/em><\/p>\n","protected":false},"excerpt":{"rendered":"<p>Bienvenido a la Pol\u00edtica de Privacidad de www.conchilopez.es. Aqu\u00ed encontrar\u00e1 cuestiones relativas a&#8230;<\/p>\n","protected":false},"author":1,"featured_media":0,"parent":0,"menu_order":0,"comment_status":"closed","ping_status":"open","template":"","meta":{"_acf_changed":false,"footnotes":""},"class_list":["post-3","page","type-page","status-publish","hentry"],"acf":[],"yoast_head":"<!-- This site is optimized with the Yoast SEO plugin v27.3 - https:\/\/yoast.com\/product\/yoast-seo-wordpress\/ -->\r\n<title>Pol\u00edtica de privacidad - Conchi L\u00f3pez - El cambio que quieres<\/title>\r\n<meta name=\"robots\" content=\"index, follow, max-snippet:-1, max-image-preview:large, max-video-preview:-1\" \/>\r\n<link rel=\"canonical\" href=\"https:\/\/elecciones.unican.es\/candidaturas\/conchilopez\/privacy-policy\/\" \/>\r\n<meta property=\"og:locale\" content=\"es_ES\" \/>\r\n<meta property=\"og:type\" content=\"article\" \/>\r\n<meta property=\"og:title\" content=\"Pol\u00edtica de privacidad - Conchi L\u00f3pez - El cambio que quieres\" \/>\r\n<meta property=\"og:description\" content=\"Bienvenido a la Pol\u00edtica de Privacidad de www.conchilopez.es. Aqu\u00ed encontrar\u00e1 cuestiones relativas a...\" \/>\r\n<meta property=\"og:url\" content=\"https:\/\/elecciones.unican.es\/candidaturas\/conchilopez\/privacy-policy\/\" \/>\r\n<meta property=\"og:site_name\" content=\"Conchi L\u00f3pez - El cambio que quieres\" \/>\r\n<meta property=\"article:modified_time\" content=\"2024-12-05T13:08:03+00:00\" \/>\r\n<meta property=\"og:image\" content=\"https:\/\/elecciones.unican.es\/candidaturas\/conchilopez\/wp-content\/uploads\/conchi-lopez-imagen-de-sitio.webp\" \/>\r\n\t<meta property=\"og:image:width\" content=\"1200\" \/>\r\n\t<meta property=\"og:image:height\" content=\"675\" \/>\r\n\t<meta property=\"og:image:type\" content=\"image\/webp\" \/>\r\n<meta name=\"twitter:card\" content=\"summary_large_image\" \/>\r\n<meta name=\"twitter:label1\" content=\"Tiempo de lectura\" \/>\n\t<meta name=\"twitter:data1\" content=\"5 minutos\" \/>\r\n<script type=\"application\/ld+json\" class=\"yoast-schema-graph\">{\"@context\":\"https:\\\/\\\/schema.org\",\"@graph\":[{\"@type\":\"WebPage\",\"@id\":\"https:\\\/\\\/elecciones.unican.es\\\/candidaturas\\\/conchilopez\\\/privacy-policy\\\/\",\"url\":\"https:\\\/\\\/elecciones.unican.es\\\/candidaturas\\\/conchilopez\\\/privacy-policy\\\/\",\"name\":\"Pol\u00edtica de privacidad - Conchi L\u00f3pez - El cambio que quieres\",\"isPartOf\":{\"@id\":\"https:\\\/\\\/elecciones.unican.es\\\/candidaturas\\\/conchilopez\\\/#website\"},\"datePublished\":\"2024-12-03T12:03:02+00:00\",\"dateModified\":\"2024-12-05T13:08:03+00:00\",\"breadcrumb\":{\"@id\":\"https:\\\/\\\/elecciones.unican.es\\\/candidaturas\\\/conchilopez\\\/privacy-policy\\\/#breadcrumb\"},\"inLanguage\":\"es\",\"potentialAction\":[{\"@type\":\"ReadAction\",\"target\":[\"https:\\\/\\\/elecciones.unican.es\\\/candidaturas\\\/conchilopez\\\/privacy-policy\\\/\"]}]},{\"@type\":\"BreadcrumbList\",\"@id\":\"https:\\\/\\\/elecciones.unican.es\\\/candidaturas\\\/conchilopez\\\/privacy-policy\\\/#breadcrumb\",\"itemListElement\":[{\"@type\":\"ListItem\",\"position\":1,\"name\":\"Portada\",\"item\":\"https:\\\/\\\/elecciones.unican.es\\\/candidaturas\\\/conchilopez\\\/\"},{\"@type\":\"ListItem\",\"position\":2,\"name\":\"Pol\u00edtica de privacidad\"}]},{\"@type\":\"WebSite\",\"@id\":\"https:\\\/\\\/elecciones.unican.es\\\/candidaturas\\\/conchilopez\\\/#website\",\"url\":\"https:\\\/\\\/elecciones.unican.es\\\/candidaturas\\\/conchilopez\\\/\",\"name\":\"Conchi L\u00f3pez - El cambio que quieres\",\"description\":\"\",\"potentialAction\":[{\"@type\":\"SearchAction\",\"target\":{\"@type\":\"EntryPoint\",\"urlTemplate\":\"https:\\\/\\\/elecciones.unican.es\\\/candidaturas\\\/conchilopez\\\/?s={search_term_string}\"},\"query-input\":{\"@type\":\"PropertyValueSpecification\",\"valueRequired\":true,\"valueName\":\"search_term_string\"}}],\"inLanguage\":\"es\"}]}<\/script>\r\n<!-- \/ Yoast SEO plugin. -->","yoast_head_json":{"title":"Pol\u00edtica de privacidad - Conchi L\u00f3pez - El cambio que quieres","robots":{"index":"index","follow":"follow","max-snippet":"max-snippet:-1","max-image-preview":"max-image-preview:large","max-video-preview":"max-video-preview:-1"},"canonical":"https:\/\/elecciones.unican.es\/candidaturas\/conchilopez\/privacy-policy\/","og_locale":"es_ES","og_type":"article","og_title":"Pol\u00edtica de privacidad - Conchi L\u00f3pez - El cambio que quieres","og_description":"Bienvenido a la Pol\u00edtica de Privacidad de www.conchilopez.es. Aqu\u00ed encontrar\u00e1 cuestiones relativas a...","og_url":"https:\/\/elecciones.unican.es\/candidaturas\/conchilopez\/privacy-policy\/","og_site_name":"Conchi L\u00f3pez - El cambio que quieres","article_modified_time":"2024-12-05T13:08:03+00:00","og_image":[{"width":1200,"height":675,"url":"https:\/\/elecciones.unican.es\/candidaturas\/conchilopez\/wp-content\/uploads\/conchi-lopez-imagen-de-sitio.webp","type":"image\/webp"}],"twitter_card":"summary_large_image","twitter_misc":{"Tiempo de lectura":"5 minutos"},"schema":{"@context":"https:\/\/schema.org","@graph":[{"@type":"WebPage","@id":"https:\/\/elecciones.unican.es\/candidaturas\/conchilopez\/privacy-policy\/","url":"https:\/\/elecciones.unican.es\/candidaturas\/conchilopez\/privacy-policy\/","name":"Pol\u00edtica de privacidad - Conchi L\u00f3pez - El cambio que quieres","isPartOf":{"@id":"https:\/\/elecciones.unican.es\/candidaturas\/conchilopez\/#website"},"datePublished":"2024-12-03T12:03:02+00:00","dateModified":"2024-12-05T13:08:03+00:00","breadcrumb":{"@id":"https:\/\/elecciones.unican.es\/candidaturas\/conchilopez\/privacy-policy\/#breadcrumb"},"inLanguage":"es","potentialAction":[{"@type":"ReadAction","target":["https:\/\/elecciones.unican.es\/candidaturas\/conchilopez\/privacy-policy\/"]}]},{"@type":"BreadcrumbList","@id":"https:\/\/elecciones.unican.es\/candidaturas\/conchilopez\/privacy-policy\/#breadcrumb","itemListElement":[{"@type":"ListItem","position":1,"name":"Portada","item":"https:\/\/elecciones.unican.es\/candidaturas\/conchilopez\/"},{"@type":"ListItem","position":2,"name":"Pol\u00edtica de privacidad"}]},{"@type":"WebSite","@id":"https:\/\/elecciones.unican.es\/candidaturas\/conchilopez\/#website","url":"https:\/\/elecciones.unican.es\/candidaturas\/conchilopez\/","name":"Conchi L\u00f3pez - El cambio que quieres","description":"","potentialAction":[{"@type":"SearchAction","target":{"@type":"EntryPoint","urlTemplate":"https:\/\/elecciones.unican.es\/candidaturas\/conchilopez\/?s={search_term_string}"},"query-input":{"@type":"PropertyValueSpecification","valueRequired":true,"valueName":"search_term_string"}}],"inLanguage":"es"}]}},"_links":{"self":[{"href":"https:\/\/elecciones.unican.es\/candidaturas\/conchilopez\/wp-json\/wp\/v2\/pages\/3","targetHints":{"allow":["GET"]}}],"collection":[{"href":"https:\/\/elecciones.unican.es\/candidaturas\/conchilopez\/wp-json\/wp\/v2\/pages"}],"about":[{"href":"https:\/\/elecciones.unican.es\/candidaturas\/conchilopez\/wp-json\/wp\/v2\/types\/page"}],"author":[{"embeddable":true,"href":"https:\/\/elecciones.unican.es\/candidaturas\/conchilopez\/wp-json\/wp\/v2\/users\/1"}],"replies":[{"embeddable":true,"href":"https:\/\/elecciones.unican.es\/candidaturas\/conchilopez\/wp-json\/wp\/v2\/comments?post=3"}],"version-history":[{"count":3,"href":"https:\/\/elecciones.unican.es\/candidaturas\/conchilopez\/wp-json\/wp\/v2\/pages\/3\/revisions"}],"predecessor-version":[{"id":166,"href":"https:\/\/elecciones.unican.es\/candidaturas\/conchilopez\/wp-json\/wp\/v2\/pages\/3\/revisions\/166"}],"wp:attachment":[{"href":"https:\/\/elecciones.unican.es\/candidaturas\/conchilopez\/wp-json\/wp\/v2\/media?parent=3"}],"curies":[{"name":"wp","href":"https:\/\/api.w.org\/{rel}","templated":true}]}}